3*d + 22. Let s = x + -5. Suppose s = 3*p + 3*w - 5*w - 23, 2*p - 26 = -4*w. Calculate the highest common factor of 9 and p.
9
Suppose -4*p = 3*g - 110, 4*p = g - 3*g + 76. Calculate the highest common divisor of g and 17.
17
Let a be 19/(-5) - 2/10. Let v be 2/4 + a/(-8). Suppose 5*y = v + 24. What is the greatest common factor of 15 and y?
5
Suppose 0 = 3*v - 8 - 100. Suppose -3*o - b + 34 = 0, -2*o + b + 28 = -b. What is the highest common factor of o and v?
12
Let w be (3 + 2)/1 + -1. Suppose 4 = w*y - 2*y. Suppose f - y*f = -10. What is the greatest common factor of 10 and f?
10
Let v(f) = f**3 + 5*f**2 - 3*f - 2. Let i be v(-5). Calculate the highest common factor of 117 and i.
13
Let x be (-1)/(2/(960/(-6))). Calculate the greatest common divisor of 40 and x.
40
Suppose -4*n + 5*n = -3. Let d = n - -5. Suppose d*r + 2 = 0, -q + 4*r + 80 = r. Calculate the highest common divisor of q and 11.
11
Suppose 2*g - 30 = -3*l - 2*g, l = -3*g + 15. Let n = l + 1. Calculate the highest common factor of n and 77.
7
Let p(n) = 98*n**3 - n**2 - n + 2. Let q be p(1). Calculate the highest common factor of 14 and q.
14
Let j be (-33 + -4)/(1*-1). Suppose -2*v = d - j, -72 + 19 = -3*v - d. What is the highest common factor of 32 and v?
16
Suppose 3*u - h = -3*h + 63, -4*h = -2*u + 42. Calculate the highest common factor of 12 and u.
3
Let w(i) = i**3 - i**2 + 21. Let d be w(0). What is the greatest common factor of d and 21?
21
Let h = 40 - 24. Calculate the greatest common divisor of h and 128.
16
Let u be 4 - (-16)/(-6)*45/(-20). Suppose -o + 3*w + 23 = o, 0 = -5*o + 3*w + 53. What is the greatest common factor of o and u?
10
Let q = -8 + 5. Let j be (q - 10/(-3))*6. Calculate the highest common divisor of j and 22.
2
Let h(o) = 4*o + 7. Let g be h(3). What is the highest common factor of 76 and g?
19
Let y(t) = -15*t + 2. Let d be y(-4). Let b be d/8 + 2/8. Calculate the greatest common factor of 72 and b.
8
Let m(b) = b**2 + 18*b + 34. Let g be m(-16). What is the highest common divisor of g and 3?
1
Let f be 7 - (-9)/3*-1. Suppose -f*w + 44 = -0*w. Calculate the greatest common factor of 1 and w.
1
Let c be 2*1/2 + -7. Let m be c/(-3)*(1 + 0). Suppose 2*z - 5*h = 145, -2*h = -2*z - m*z + 282. Calculate the greatest common factor of z and 10.
10
Let v(a) = -a**3 + 8*a**2 - 7*a + 9. Let q be v(7). What is the greatest common divisor of q and 72?
9
Let z(d) = -26*d + 12. Let t be z(-9). Suppose 0 = 5*u - 4*s - 680 + t, 2*s - 8 = 0. What is the highest common divisor of 10 and u?
10
Let l = 4 + -3. Let r be 2*(2 + l*64). Suppose -2*w = w - x - r, -x + 3 = 0. Calculate the greatest common divisor of 18 and w.
9
Let x = 103 + -47. Let i = -8 + 12. Suppose -3*v - 5*u - 7 = -4*v, u = i*v - 28. Calculate the greatest common factor of v and x.
7
Let w(h) be the first derivative of 105*h**2/2 + 2*h + 1. Let q be w(-3). Let u = -218 - q. Calculate the highest common factor of 38 and u.
19
Let c = 1314 - 1230. Suppose 34 + 2 = 3*w. What is the greatest common divisor of w and c?
12
Let a be 10/1 + 6/(-2). Let w(t) = t - 6*t - 2*t - a. Let o be w(-6). What is the highest common divisor of o and 7?
7
Let f(o) = o**3 - o**2 - o. Let h be f(3). Suppose -y + h = 1. Calculate the greatest common divisor of y and 2.
2
Suppose -5*l + 33 = 3. Calculate the greatest common factor of l and 12.
6
Suppose 2*q - 4 = -2*q. Let a be 3/(((-6)/(-58))/q). Suppose -3*l = -a - 109. What is the highest common divisor of 23 and l?
23
Let u = -3 - -12. Let t(z) = z + 10. Let d be t(-10). Suppose 0 = 3*q - d*q - 216. Calculate the highest common factor of q and u.
9
Suppose -104 = -2*w + 5*j, 4*j = 3*w + 13 - 155. Calculate the highest common divisor of w and 28.
14
Suppose 4*r + 0*r = 48. What is the greatest common divisor of r and 6?
6
Suppose -588 = -4*c + s - 78, -3*s = c - 134. Let x(i) = -i**2 - 18*i - 16. Let r be x(-16). Calculate the greatest common factor of c and r.
16
Let o be (2 - 3 - 1) + 14. Suppose 2 = 3*i - 13. Suppose -5*k + i + 85 = 0. Calculate the highest common factor of k and o.
6
Let l(a) = 67*a + 4. Let f be l(-4). Let q = f + 444. Calculate the greatest common divisor of 20 and q.
20
Let k be 180 - 0*4/(-20). Calculate the highest common divisor of 72 and k.
36
Let w be (-1*6)/((-1)/(-9)). Let v = w - -84. Let t = -29 + 41. What is the highest common factor of t and v?
6
Let j be 16 + -17 - (-18 - 1 - 0). What is the greatest common factor of j and 90?
18
Suppose 597 - 87 = 2*t. Suppose -30 = 3*l + 2*l. Let k be -2*(t/l)/5. What is the highest common factor of k and 153?
17
Let c(q) = -q**3 - 13*q**2 - 11*q + 15. Let a be c(-12). Suppose -a*f + 26 + 19 = 0. What is the highest common factor of f and 120?
15
Let w be 13/(-3)*(0 - 3). Let k be (429 + 0)*7/21. What is the greatest common factor of k and w?
13
Let w = -105 - -201. Suppose -w = 4*t - 7*t. Calculate the highest common divisor of 16 and t.
16
Let g be -2 - (2 + (-3 - 190)) - -3. Calculate the greatest common divisor of 24 and g.
24
Suppose -48 = -3*j - 3*u - 0*u, j - 12 = u. Let c = -22 - -36. What is the greatest common factor of j and c?
14
Let b be (32/2)/(6/15). Suppose 7*m = 3*m + 16. Suppose -m*k + 0*k = -40. What is the highest common factor of k and b?
10
Suppose 4*f = 7*f - 945. What is the highest common divisor of 35 and f?
35
Let d be (4 + -31)*16/(-6). Let n be (2/3)/(4/d). Suppose -n = 3*j, -2*j = 3*s - 0*j - 19. What is the highest common factor of s and 45?
9
Let v be 2 + -3 - (2 - 78). Let c(g) = 4*g + 2. Let u be c(6). Let j = -11 + u. Calculate the greatest common factor of v and j.
15
Let q(j) = 33*j + 2. Let i be q(1). What is the greatest common factor of i and 5?
5
Suppose 4*s = -g + 86, -3*s + 48 = -g - 20. Suppose 6 - s = -3*y - 2*f, -2*y + 4*f = 0. Calculate the highest common divisor of 8 and y.
4
Let l(d) = -d**3 + 5*d**2 + 8*d + 1. Let q be l(6). Suppose -55 - 49 = -4*o. What is the highest common factor of q and o?
13
Suppose 252 + 396 = 4*g. What is the greatest common divisor of 18 and g?
18
Let r(x) = -x + 10. Let g be r(7). What is the greatest common factor of g and 33?
3
Suppose -4*r = 0, -3*c + 0*c - 3*r = -180. Calculate the highest common factor of c and 10.
10
Suppose -3*t = 4*t - 1568. Calculate the greatest common factor of t and 32.
32
Suppose -4*v + 270 = -114. Suppose 3*d = -b + v, 3*d = -b - 2*d + 104. Let r be b/15*(-1 + 6). What is the greatest common divisor of 14 and r?
14
Let b(a) = -2*a - 25. Let n be b(-21). What is the highest common divisor of 153 and n?
17
Let w be -6*6/9 - -776. Let x be (-1)/4 - w/(-16). What is the highest common factor of x and 6?
6
Let u be (10/(-3))/(1/(-3)). Let c(q) = 2*q**2 + 2*q + 8. Let z be c(-7). Suppose -2*j = 1 + 3, -s + z = -j. What is the greatest common divisor of u and s?
10
Let p = 1 + -3. Let f(o) = 2*o**2 - 3*o - 3. Let m be f(p). What is the highest common divisor of m and 77?
11
Suppose -4*f + 2 + 54 = 0. What is the greatest common divisor of 42 and f?
14
Let m(k) = 4*k - 17. Let d be m(11). Calculate the greatest common factor of d and 216.
27
Let y(x) = x**2 + 5*x + 4. Let j be y(-5). Suppose -j*w + 71 = -5. What is the greatest common divisor of w and 38?
19
Let s be (45/(-6) - -6) + (-486)/(-4). Calculate the highest common factor of s and 30.
30
Suppose f - 5*f = -20. Suppose 4*x + 6 = 2*l, l + 0*l + f*x - 31 = 0. What is the highest common factor of 55 and l?
11
Suppose 615 = 5*i + 140. What is the highest common divisor of i and 38?
19
Suppose f = 6*f - 20. Suppose -f*o = -0 - 20. Let k = 6 - o. Calculate the highest common factor of 7 and k.
1
Let f be ((1 - -10) + -5)/((-6)/(-40)). What is the greatest common divisor of f and 60?
20
Let y be (35/21)/(1/3). Suppose -5*f + j + 65 = -2*j, 3*f - y = -5*j. What is the highest common factor of f and 2?
2
Suppose -4 = -2*k, 0 = -c - 4*c - 3*k + 166. Let b = -38 + 55. Let y = c - b. What is the highest common factor of y and 105?
15
Let y be (2/3)/((-8)/(-48)). Suppose n + 2*n - 3*a = 63, n + y*a = 6. Calculate the greatest common factor of n and 198.
18
Let p be (-666)/(-9)*9/2. Calculate the highest common divisor of 37 and p.
37
Let n(r) = 6 + 4*r + 5 - 11. Let t be n(4). What is the highest common factor of 176 and t?
16
Suppose -3*j = -j - 4*